7824?
4
What is the hundreds digit of 35481439?
4
What is the ten thousands digit of 179530?
7
What is the millions digit of 8838694?
8
What is the tens digit of 312531?
3
What is the units digit of 10725207?
7
What is the hundred thousands digit of 100199?
1
What is the thousands digit of 23693995?
3
What is the hundreds digit of 7548941?
9
What is the units digit of 8824187?
7
What is the hundreds digit of 18352159?
1
What is the hundreds digit of 12126714?
7
What is the units digit of 286285?
5
What is the thousands digit of 466392?
6
What is the ten thousands digit of 386018?
8
What is the hundreds digit of 84262?
2
What is the hundred thousands digit of 6192845?
1
What is the hundred thousands digit of 182481?
1
What is the hundreds digit of 1081021?
0
What is the tens digit of 25670259?
5
What is the ten thousands digit of 15236481?
3
What is the ten thousands digit of 15626324?
2
What is the thousands digit of 4554507?
4
What is the hundreds digit of 11352155?
1
What is the units digit of 905517?
7
What is the thousands digit of 10014?
0
What is the thousands digit of 53585?
3
What is the tens digit of 7366197?
9
What is the hundred thousands digit of 3784450?
7
What is the units digit of 1751069?
9
What is the thousands digit of 484868?
4
What is the ten thousands digit of 57580?
5
What is the millions digit of 5426658?
5
What is the hundred thousands digit of 812303?
8
What is the millions digit of 1943507?
1
What is the units digit of 6210177?
7
What is the tens digit of 30504?
0
What is the thousands digit of 176320?
6
What is the ten thousands digit of 3193783?
9
What is the hundred thousands digit of 576488?
5
What is the ten thousands digit of 100124?
0
What is the millions digit of 4464724?
4
What is the hundred thousands digit of 9866244?
8
What is the hundreds digit of 555149?
1
What is the tens digit of 1210535?
3
What is the hundreds digit of 749102?
1
What is the millions digit of 4735480?
4
What is the ten thousands digit of 4496686?
9
What is the tens digit of 20830577?
7
What is the thousands digit of 233242?
3
What is the thousands digit of 4271610?
1
What is the thousands digit of 7820450?
0
What is the ten thousands digit of 552412?
5
What is the hundreds digit of 769911?
9
What is the hundreds digit of 851206?
2
What is the tens digit of 1177681?
8
What is the thousands digit of 2189198?
9
What is the millions digit of 2542252?
2
What is the hundred thousands digit of 186272?
1
What is the hundreds digit of 96852?
8
What is the hundreds digit of 99148?
1
What is the ten thousands digit of 412966?
1
What is the units digit of 24480500?
0
What is the tens digit of 5892626?
2
What is the hundreds digit of 2552560?
5
What is the tens digit of 359657?
5
What is the hundreds digit of 66197?
1
What is the units digit of 538918?
8
What is the millions digit of 9496103?
9
What is the ten thousands digit of 9691202?
9
What is the hundred thousands digit of 189238?
1
What is the hundreds digit of 243796?
7
What is the ten thousands digit of 2361596?
6
What is the ten thousands digit of 4410941?
1
What is the ten thousands digit of 544886?
4
What is the hundreds digit of 437675?
6
What is the ten millions digit of 14518254?
1
What is the hundred thousands digit of 194459?
1
What is the millions digit of 5662805?
5
What is the thousands digit of 5365826?
5
What is the hundreds digit of 7997826?
8
What is the hundred thousands digit of 5976728?
9
What is the hundred thousands digit of 755192?
7
What is the units digit of 1697929?
9
What is the hundred thousands digit of 341959?
3
What is the hundred thousands digit of 365491?
3
What is the units digit of 2177071?
1
What is the ten thousands digit of 7499091?
9
What is the ten thousands digit of 6719988?
1
What is the units digit of 34332529?
9
What is the thousands digit of 491707?
1
What is the thousands digit of 2838950?
8
What is the hundred thousands digit of 106209?
1
What is the tens digit of 734521?
2
What is the hundreds digit of 67967?
9
What is the tens digit of 259147?
4
What is the hundred thousands digit of 223247?
2
What is the units digit of 169491?
1
What is the thousands digit of 11384991?
4
What is the tens digit of 913633?
3
What is the millions digit of 32310310?
2
What is the ten thousands digit of 299264?
9
What is the units digit of 845114?
4
What is the hundred thousands digit of 214976?
2
What is the units digit of 8988104?
4
What is the millions digit of 3710942?
3
What is the hundreds digit of 2304788?
7
What is the thousands digit of 129990?
9
What is the tens digit of 2611169?
6
What is the tens digit of 4303502?
0
What is the ten thousands digit of 1285136?
8
What is the hundred thousands digit of 1087682?
0
What is the tens digit of 208475?
7
What is the hundred thousands digit of 15534385?
5
What is the units digit of 396092?
2
What is the ten thousands digit of 5541843?
4
What is the thousands digit of 430033?
0
What is the millions digit of 14379907?
4
What is the hundred thousands digit of 12667614?
6
What is the tens digit of 1956540?
4
What is the thousands digit of 3001089?
1
What is the ten thousands digit of 396900?
9
What is the ten thousands digit of 9737339?
3
What is the units digit of 7711430?
0
What is the thousands digit of 21172847?
2
What is the thousands digit of 468028?
8
What is the thousands digit of 4233498?
3
What is the millions digit of 3579840?
3
What is the ten thousands digit of 224453?
2
What is the hundreds digit of 8289497?
4
What is the millions digit of 4912342?
4
What is the millions digit of 1011625?
1
What is the tens digit of 690099?
9
What is the thousands digit of 1845751?
5
What is the ten thousands digit of 925889?
2
What is the thousands digit of 11293380?
3
What is the hundred thousands digit of 347292?
3
What is the thousands digit of 612514?
2
What is the thousands digit of 114097?
4
What is the thousands digit of 370324?
0
What is the ten millions digit of 35664203?
3
What is the thousands digit of 11538503?
8
What is the thousands digit of 339133?
9
What is the thousands digit of 11098685?
8
What is the ten thousands digit of 1330046?
3
What is the thousands digit of 257702?
7
What is the ten thousands digit of 143611?
4
What is the millions digit of 4166456?
4
What is the thousands digit of 141382?
1
What is the units digit of 1035284?
4
What is the hundreds digit of 244129?
1
What is the hundred thousands digit of 1368738?
3
What is the thousands digit of 3280495?
0
What is the thousands digit of 210507?
0
What is the thousands digit of 689445?
9
What is the thousands digit of 791887?
1
What is the millions digit of 1436011?
1
What is the hundreds digit of 111694?
6
What is the tens digit of 280876?
7
What is the hundred thousands digit of 1030932?
0
What is the ten thousands digit of 2442409?
4
What is the units digit of 17146589?
9
What is the thousands digit of 3088777?
8
What is the units digit of 5132060?
0
What is the hundreds digit of 31821382?
3
What is the hundred thousands digit of 630714?
6
What is the hundreds digit of 26124249?
2
What is the units digit of 3061540?
0
What is the thousands digit of 2084520?
4
What is the tens digit of 5726349?
4
What is the hundred thousands digit of 212390?
2
What is the tens digit of 17006046?
4
What is the units digit of 5473477?
7
What is the units digit of 1037609?
9
What is the ten thousands digit of 12398433?
9
What is the tens digit of 24030141?
4
What is the hundreds digit of 2725048?
0
What is the hundreds digit of 3450908?
9
What is the hundreds digit of 367740?
7
What is the tens digit of 92861?
6
What is the hundreds digit of 2619531?
5
What is the ten thousands digit of 26786?
2
What is the tens digit of 3100214?
1
What is the ten thousands digit of 187248?
8
What is the tens digit of 12399768?
6
What is the millions digit of 2062227?
2
What is the tens digit of 1200690?
9
What is the millions digit of 23331313?
3
What is the units digit of 791779?
9
What is the tens digit of 3538252?
5
What is the units digit of 10670076?
6
What is the units digit of 1813870?
0
What is the hundred thousands digit of 2895940?
8
What is the units digit of 273204?
4
What is the units digit of 32136233?
3
What is the thousands digit of 12787739?
7
What is t